{"id":365,"date":"2024-04-11T11:20:34","date_gmt":"2024-04-11T16:20:34","guid":{"rendered":"https:\/\/o4iles.com\/?page_id=365"},"modified":"2025-03-11T18:22:34","modified_gmt":"2025-03-11T23:22:34","slug":"plan-du-site","status":"publish","type":"page","link":"https:\/\/o4iles.com\/index.php\/plan-du-site\/","title":{"rendered":"Plan du site"},"content":{"rendered":"\t\t<div data-elementor-type=\"wp-page\" data-elementor-id=\"365\" class=\"elementor elementor-365\" data-elementor-post-type=\"page\">\n\t\t\t\t<div class=\"elementor-element elementor-element-08d2ab3 e-con-full e-flex e-con e-parent\" data-id=\"08d2ab3\" data-element_type=\"container\" data-settings=\"{&quot;background_background&quot;:&quot;classic&quot;}\">\n\t\t\t\t<div class=\"elementor-element elementor-element-ef0c3ef elementor-widget elementor-widget-heading\" data-id=\"ef0c3ef\" data-element_type=\"widget\" data-widget_type=\"heading.default\">\n\t\t\t\t<div class=\"elementor-widget-container\">\n\t\t\t\t\t<h1 class=\"elementor-heading-title elementor-size-default\">PLAN DU SITE<\/h1>\t\t\t\t<\/div>\n\t\t\t\t<\/div>\n\t\t\t\t<\/div>\n\t\t<div class=\"elementor-element elementor-element-0974dab e-con-full e-flex e-con e-parent\" data-id=\"0974dab\" data-element_type=\"container\">\n\t\t\t\t<div class=\"elementor-element elementor-element-87077d7 elementor-widget elementor-widget-heading\" data-id=\"87077d7\" data-element_type=\"widget\" data-widget_type=\"heading.default\">\n\t\t\t\t<div class=\"elementor-widget-container\">\n\t\t\t\t\t<h6 class=\"elementor-heading-title elementor-size-default\"><br><br>D\u00e9couvez le Camping Plage \u00d4 4 \u00celes de mani\u00e8re pratique gr\u00e2ce \u00e0 notre plan du site d\u00e9taill\u00e9.<br><br>\nExplorez nos diff\u00e9rents terrains de camping et trouvez celui qui correspond parfaitement \u00e0 vos besoins.<br><\/h6>\t\t\t\t<\/div>\n\t\t\t\t<\/div>\n\t\t\t\t<div class=\"elementor-element elementor-element-1986cb1 elementor-widget elementor-widget-image\" data-id=\"1986cb1\" data-element_type=\"widget\" data-widget_type=\"image.default\">\n\t\t\t\t<div class=\"elementor-widget-container\">\n\t\t\t\t\t\t\t\t\t\t\t\t\t\t\t\t<a href=\"https:\/\/o4iles.com\/wp-content\/uploads\/2025\/03\/Plan_du_site_camping_o4iles_2025.png\" data-elementor-open-lightbox=\"yes\" data-e-action-hash=\"#elementor-action%3Aaction%3Dlightbox%26settings%3DeyJpZCI6MTcxNSwidXJsIjoiaHR0cHM6XC9cL280aWxlcy5jb21cL3dwLWNvbnRlbnRcL3VwbG9hZHNcLzIwMjVcLzAzXC9QbGFuX2R1X3NpdGVfY2FtcGluZ19vNGlsZXNfMjAyNS5wbmcifQ%3D%3D\">\n\t\t\t\t\t\t\t<img fetchpriority=\"high\" decoding=\"async\" width=\"1368\" height=\"815\" src=\"https:\/\/o4iles.com\/wp-content\/uploads\/2025\/03\/Plan_du_site_camping_o4iles_2025.png\" class=\"attachment-full size-full wp-image-1715\" alt=\"\" srcset=\"https:\/\/o4iles.com\/wp-content\/uploads\/2025\/03\/Plan_du_site_camping_o4iles_2025.png 1368w, https:\/\/o4iles.com\/wp-content\/uploads\/2025\/03\/Plan_du_site_camping_o4iles_2025-300x179.png 300w, https:\/\/o4iles.com\/wp-content\/uploads\/2025\/03\/Plan_du_site_camping_o4iles_2025-1024x610.png 1024w, https:\/\/o4iles.com\/wp-content\/uploads\/2025\/03\/Plan_du_site_camping_o4iles_2025-768x458.png 768w\" sizes=\"(max-width: 1368px) 100vw, 1368px\" \/>\t\t\t\t\t\t\t\t<\/a>\n\t\t\t\t\t\t\t\t\t\t\t\t\t\t\t<\/div>\n\t\t\t\t<\/div>\n\t\t\t\t<div class=\"elementor-element elementor-element-f7207be elementor-align-center elementor-widget elementor-widget-button\" data-id=\"f7207be\" data-element_type=\"widget\" data-widget_type=\"button.default\">\n\t\t\t\t<div class=\"elementor-widget-container\">\n\t\t\t\t\t\t\t\t\t<div class=\"elementor-button-wrapper\">\n\t\t\t\t\t<a class=\"elementor-button elementor-button-link elementor-size-sm\" href=\"https:\/\/o4iles.com\/wp-content\/uploads\/2025\/03\/Plan_du_Site_Camping_Plage_O_4_Iles_2025.pdf\" target=\"_blank\">\n\t\t\t\t\t\t<span class=\"elementor-button-content-wrapper\">\n\t\t\t\t\t\t<span class=\"elementor-button-icon\">\n\t\t\t\t<svg aria-hidden=\"true\" class=\"e-font-icon-svg e-far-map\" viewBox=\"0 0 576 512\" xmlns=\"http:\/\/www.w3.org\/2000\/svg\"><path d=\"M560.02 32c-1.96 0-3.98.37-5.96 1.16L384.01 96H384L212 35.28A64.252 64.252 0 0 0 191.76 32c-6.69 0-13.37 1.05-19.81 3.14L20.12 87.95A32.006 32.006 0 0 0 0 117.66v346.32C0 473.17 7.53 480 15.99 480c1.96 0 3.97-.37 5.96-1.16L192 416l172 60.71a63.98 63.98 0 0 0 40.05.15l151.83-52.81A31.996 31.996 0 0 0 576 394.34V48.02c0-9.19-7.53-16.02-15.98-16.02zM224 90.42l128 45.19v285.97l-128-45.19V90.42zM48 418.05V129.07l128-44.53v286.2l-.64.23L48 418.05zm480-35.13l-128 44.53V141.26l.64-.24L528 93.95v288.97z\"><\/path><\/svg>\t\t\t<\/span>\n\t\t\t\t\t\t\t\t\t<span class=\"elementor-button-text\">T\u00e9l\u00e9chargez le plan du camping!<\/span>\n\t\t\t\t\t<\/span>\n\t\t\t\t\t<\/a>\n\t\t\t\t<\/div>\n\t\t\t\t\t\t\t\t<\/div>\n\t\t\t\t<\/div>\n\t\t\t\t<\/div>\n\t\t<div class=\"elementor-element elementor-element-4307b79 e-flex e-con-boxed e-con e-parent\" data-id=\"4307b79\" data-element_type=\"container\">\n\t\t\t\t\t<div class=\"e-con-inner\">\n\t\t\t\t\t<\/div>\n\t\t\t\t<\/div>\n\t\t\t\t<\/div>\n\t\t","protected":false},"excerpt":{"rendered":"<p>PLAN DU SITE D\u00e9couvez le Camping Plage \u00d4 4 \u00celes de mani\u00e8re pratique gr\u00e2ce \u00e0 notre plan du site d\u00e9taill\u00e9. Explorez nos diff\u00e9rents terrains de camping et trouvez celui qui correspond parfaitement \u00e0 vos besoins. T\u00e9l\u00e9chargez le plan du camping!<\/p>\n","protected":false},"author":1,"featured_media":0,"parent":0,"menu_order":0,"comment_status":"closed","ping_status":"closed","template":"","meta":{"footnotes":""},"class_list":["post-365","page","type-page","status-publish","hentry"],"aioseo_notices":[],"_links":{"self":[{"href":"https:\/\/o4iles.com\/index.php\/wp-json\/wp\/v2\/pages\/365","targetHints":{"allow":["GET"]}}],"collection":[{"href":"https:\/\/o4iles.com\/index.php\/wp-json\/wp\/v2\/pages"}],"about":[{"href":"https:\/\/o4iles.com\/index.php\/wp-json\/wp\/v2\/types\/page"}],"author":[{"embeddable":true,"href":"https:\/\/o4iles.com\/index.php\/wp-json\/wp\/v2\/users\/1"}],"replies":[{"embeddable":true,"href":"https:\/\/o4iles.com\/index.php\/wp-json\/wp\/v2\/comments?post=365"}],"version-history":[{"count":70,"href":"https:\/\/o4iles.com\/index.php\/wp-json\/wp\/v2\/pages\/365\/revisions"}],"predecessor-version":[{"id":1720,"href":"https:\/\/o4iles.com\/index.php\/wp-json\/wp\/v2\/pages\/365\/revisions\/1720"}],"wp:attachment":[{"href":"https:\/\/o4iles.com\/index.php\/wp-json\/wp\/v2\/media?parent=365"}],"curies":[{"name":"wp","href":"https:\/\/api.w.org\/{rel}","templated":true}]}}